(9). Suppose -564 = -3*w - b*w. What is the tens digit of w?
9
Suppose 0 = -679*u + 683*u - 8372. Let c = u - 1087. What is the tens digit of c?
0
Let h(s) = -s**2 + 6*s + 4. Let g(l) = -l**2 + 2*l + 6. Let c be g(-2). Let i be h(c). What is the hundreds digit of 5*i*(-92)/40?
1
Let v(l) = -2*l**2 - 12*l + 27. Let k be (-1)/((-102)/(-20) + -5). Let b be v(k). Let a = 75 + b. What is the tens digit of a?
2
Let c be (-160)/(-12)*(-2196)/(-16) - -1. Suppose 13*d - 1809 = c. Let o = -83 + d. What is the hundreds digit of o?
1
Let f(g) = 12 + 16 - 22*g + 0*g**2 - g**2. Suppose -42 - 147 = 9*m. What is the tens digit of f(m)?
4
Let g(w) = -320*w**3 - 14*w**2 + 8*w + 132. What is the hundreds digit of g(-6)?
7
Let f(b) be the third derivative of b**5/30 - b**4/3 + 14*b**3/3 - 27*b**2. Let l be f(6). Suppose -3*m + l = -95. What is the units digit of m?
9
Let r be (-1)/4*1 + 5382/184. Let k(p) = 28*p + 71. What is the hundreds digit of k(r)?
8
Suppose -1052 = -4*l + v, -2*l + 0*v + 4*v + 526 = 0. Suppose -123 = m - l. What is the hundreds digit of m?
1
Let f(n) = -15*n + 12. Let g(v) = 2*v + 1. Let s be g(-11). Let u be f(s). Let a = u - 92. What is the hundreds digit of a?
2
Let d = 50 + 75. Let m = 357 - d. What is the hundreds digit of m?
2
Let b(g) = -2*g**3 + 8 + 24*g + 9*g**2 + 3*g**3 - 2*g**3 - 18*g**2. What is the hundreds digit of b(-12)?
1
Suppose -b + 1 = -5*i, 4*b - 5*i = 11 + 23. Let f = b + -8. Suppose f*y + 0*y = 537. What is the hundreds digit of y?
1
Let m(r) = 5*r**2 + 7*r + 12. Suppose 0 = -34*z + 32*z + 10. Suppose 0 = -z*j + 3*x - 5 - 35, 5*x = -5*j. What is the hundreds digit of m(j)?
1
Suppose 8*v - 9*v + 5*j = -36225, -4*v = -18*j - 144916. What is the tens digit of v?
6
Let q(s) = 473*s**2 - 3*s - 3. What is the tens digit of q(2)?
8
Let r(y) = -3*y - 23. Let t be r(-19). Let k = t + -7. Let q = -3 + k. What is the units digit of q?
4
Let a(x) = -17*x + 7. Let p be a(-21). Suppose 63 = 7*r - p. Let o = r + -39. What is the tens digit of o?
2
Let y(b) = 9*b**2 - 5*b - 5. Let s be y(-4). Let a = -4 + s. Let c = a - 78. What is the units digit of c?
7
Suppose 2*g - 598 = 3*q - 0*g, -3*g - 181 = q. Let r = 46 - q. Suppose 4*b - r = 198. What is the hundreds digit of b?
1
Let l(k) = -265*k**3 + 3*k + 3. Suppose 0 = x + 3*x + 4. What is the units digit of l(x)?
5
What is the tens digit of ((-6384)/15)/(-4)*(-1575)/(-42)?
9
Let p(r) = -r**3 + 68*r**2 + 52*r - 87. What is the tens digit of p(65)?
6
What is the thousands digit of (10 - -30)*(-4)/(24/(-2199))?
4
Suppose -6360 + 777 - 8027 = -t. What is the thousands digit of t?
3
Suppose -27 - 52 = d. Let r(o) = -o**3 - 9*o**2 - 8*o - 6. Let i be r(-3). Let n = i - d. What is the tens digit of n?
4
Suppose 3*y + u = 540, -4*y - 9*u + 10*u = -720. Let j(r) = -r**2 - 13*r - 16. Let f be j(-11). Suppose y = f*p - 78. What is the units digit of p?
3
What is the tens digit of 36965 - ((-10)/(-4))/(42/84)?
6
Suppose 0 = -s + 38*s - 58090. What is the tens digit of s?
7
Suppose 127*i - 429 = 124*i. Let l = i - 93. What is the tens digit of l?
5
Let f = 9220 + -5529. Let r = f - 2437. What is the units digit of r/14 - 20/35?
9
Suppose -5*k + 106787 = -2*m + 20052, k + m = 17340. What is the thousands digit of k?
7
Suppose 144 = 7*j - 1151. Suppose 9*k + j = 14*k. Let s = 55 + k. What is the units digit of s?
2
Let d(w) = w**3 + 8*w**2 + 5*w - 9. Let s be d(-7). Let a be 1128/s + (-5 - 22/(-5)). Let g = a - 106. What is the tens digit of g?
1
Let f = -59 - -62. Suppose -f*j + 27 - 63 = 0. Let n(q) = q**2 - q. What is the units digit of n(j)?
6
Let c be 10007 + 441/153 + (-2)/(-17). Suppose -59*p + 46*p + c = 0. What is the hundreds digit of p?
7
Suppose 0 = 67*f - 63*f + 52. Let y be (f/34 - 6/51)*0. Suppose -3*d - 4*k = -410, 4*d = -y*d - k + 551. What is the units digit of d?
8
Let v = -44 - 57. Let d = v + 717. What is the tens digit of d?
1
Let l(u) = 94*u + 10 - 53 - 38 - 14. What is the units digit of l(5)?
5
Let s(l) = 5*l - 6. Let o be s(2). Suppose o*m + 918 = -338. Let y = -145 - m. What is the units digit of y?
9
Suppose 4*p - 2*k - 3168 - 966 = 0, 0 = 2*p - 3*k - 2065. Let a = p - 627. What is the hundreds digit of a?
4
What is the hundreds digit of 5 - (11/((-33)/(-36)))/1 - -16918?
9
Suppose -n + 3*n = 2. Suppose -4*q - 17 = -g - 11, 4*g + 4*q = -56. What is the units digit of (-30 - -31)/(n + 8/g)?
5
Let q = -35 - -307. Let l = q + 21. What is the units digit of l?
3
Let u(w) = -2*w**3 - 15*w**2 - 54*w - 14. What is the thousands digit of u(-22)?
5
Let w(i) = 202*i - 1369. What is the tens digit of w(38)?
0
Let m = -29108 - -31785. What is the units digit of m?
7
Let c(i) = -158*i + 2617. What is the thousands digit of c(-31)?
7
Let w(t) be the second derivative of 19*t**3/3 - 4*t**2 + 10*t. Let x be w(1). Suppose 35*d - 90 = x*d. What is the units digit of d?
8
Let p(f) = f**2 + 26*f + 27. Let w be p(-25). Suppose -2*j - c = -569, 705 = 3*j + w*c - 146. What is the hundreds digit of j?
2
Let r be ((-6)/4)/(6/1439)*4. Let d = 2937 + r. What is the tens digit of d?
9
Let i(s) = 7*s**3 + 2*s**2 - s - 9. Let b(m) be the first derivative of -2*m**4 - m**3 + 10*m + 18. Let t(r) = 6*b(r) + 7*i(r). What is the tens digit of t(6)?
2
Let b = 167272 + -102929. What is the units digit of b?
3
Suppose -38*d - 5*k + 83694 = -35*d, 4*d - 111592 = k. What is the tens digit of d?
9
Let j = 23528 + -4992. What is the thousands digit of j?
8
Suppose f = -4*m - f - 26, -4*f = 5*m + 40. What is the tens digit of -3 - (-476 - (m - -4))?
7
Let w(k) be the second derivative of k**5/20 + 23*k**4/12 - 13*k**3/3 - 14*k**2 + 11*k. Let l be ((-16)/6)/(2/18). What is the units digit of w(l)?
0
Suppose 2*m + 3*m - 20 = 0. Suppose -8*l + 4292 = -m*l + 2*u, 5*l = 3*u + 5376. Suppose 8*f - 902 = l. What is the tens digit of f?
4
Let z(y) = 17*y**3 - 20*y**2 + 73*y - 189. What is the hundreds digit of z(13)?
7
Let j(m) = m**3 + 155*m**2 + 629*m - 265. What is the units digit of j(-147)?
4
Suppose 3631 = 7*k - 11846. Suppose 0*l - 11*l + k = 0. What is the hundreds digit of l?
2
Let t(u) = 3*u**2 - 228*u - 1298. What is the tens digit of t(-104)?
6
Let x = -79 - -82. Suppose 389 + 1849 = x*m. Suppose 605 = 4*u - 5*d, 5*u + 0*d - m = -4*d. What is the units digit of u?
0
Let m = -94 + 60. Let p = 18 + m. What is the units digit of (-4)/6*(-948)/p*-2?
9
Let o be ((-1750)/3)/(8/(-12)). Suppose -n = -4*n - t + o, -2*t = n - 290. What is the hundreds digit of n?
2
Let a(s) = -12*s + 62. Suppose -89 = 4*r - u, 2*u - 7*u + 100 = -5*r. What is the units digit of a(r)?
8
Let x be (0 + 2)/((-2)/(-3)). Let o be (x/2)/(9/24). Suppose 0 = -5*u + 4*z + 161 - 7, -3*u - o*z = -118. What is the units digit of u?
4
Suppose -10*h - 9*h = -155838. What is the hundreds digit of h?
2
Suppose 4*q - 16 = 356. Let u = 115 - q. Let y = u - -8. What is the tens digit of y?
3
Let s = 545 - 270. Suppose 5*y = -4*c + 222, -5*c + 0*c - 5*y + s = 0. What is the tens digit of c?
5
Let l(i) = i**3 + 6*i**2 + 5*i - 2. Suppose q + 20 = -2*b - 2*b, 4*q - 20 = 4*b. Let c be l(b). What is the units digit of (201/6 - -2)/(c/(-8))?
2
Suppose -91*b + 270981 + 467498 = 150528. What is the hundreds digit of b?
4
Let t(d) = -d**2 + 10*d - 4. Let i be t(4). Let x(p) = -5*p + 7. Let w(a) = 2*a - 1. Let u(v) = -w(v) - x(v). What is the units digit of u(i)?
4
Suppose 216*a = -36779 + 130056 + 349739. What is the hundreds digit of a?
0
Suppose 5*y = 9*y - 20. Suppose 3*x - 1 = -y*r, -4*x + 10 = -6*r + 4*r. What is the units digit of (5 - -4) + -1 + 0 + r?
7
Let s = -723 + 4497. Suppose 15*z - 966 = s. What is the hundreds digit of z?
3
Let r = 9799 - 5994. What is the tens digit of r?
0
Let i be (-49)/(-17) - (-18)/153. Suppose -4*w + 549 = -q - 2098, 2*q = i*w - 1979. What is the tens digit of w?
6
Let c(y) = 773*y**2 - 16*y + 46. Let u be c(3). Suppose -4*f - 19*z + 14*z + 6947 = 0, -4*f = -3*z - u. What is the units digit of f?
8
What is the ten thousands digit of 5/(-7)*(-120817 - 276)?
8
Suppose -45 = -18*g + 9*g. Suppose 6 - 1 = -a, g*k - 2125 = -2*a. What is the hundreds digit of k?
4
Suppose -22*l = -8*l - 70. Suppose 0*c - 267 = -k - l*c, 0 = 5*k + 3*c - 1247. What is the hundreds digit of k?
2
Let h be (0/(-3 - 0))/2. Let z(q) = 13*q**2 + 2*q - 2. L